{"id":3675,"date":"2019-04-12T11:13:18","date_gmt":"2019-04-12T11:13:18","guid":{"rendered":"http:\/\/staging.konradin.datenkasten.de\/de\/?page_id=3675"},"modified":"2023-04-19T10:48:24","modified_gmt":"2023-04-19T10:48:24","slug":"stellenanzeigen","status":"publish","type":"page","link":"http:\/\/staging.konradin.datenkasten.de\/de\/karriere\/stellenanzeigen\/","title":{"rendered":"Stellenanzeigen"},"content":{"rendered":"<section class=\"wpb-content-wrapper\">[vc_row][vc_column][vc_text_separator title=&#8220;Wir suchen Sie&#8220; i_icon_fontawesome=&#8220;fa fa-chevron-circle-right&#8220; i_color=&#8220;custom&#8220; title_align=&#8220;separator_align_left&#8220; style=&#8220;dotted&#8220; add_icon=&#8220;true&#8220; i_custom_color=&#8220;#3361ae&#8220;][\/vc_column][\/vc_row][vc_row][vc_column][vc_column_text el_class=&#8220;stellen&#8220;]\t\t\t\t\t\t\t\t<ul>\r\n\t\t\t\t\t\t\t\t\t\t\t\t\t\t\t\t<li><a href=\"http:\/\/staging.konradin.datenkasten.de\/de\/stellenangebot\/mitarbeiter-telefonischer-anzeigenverkauf-b2b-m-w-d\/\"\r\n\t\t\t\t\t\t\t\t\ttarget=\"_self\">Mitarbeiter-  telefonischer Anzeigenverkauf B2B (m\/w\/d) <span class=\"icon-external-link\"><\/span><\/a><\/li>\r\n\t\t\t\t\t\t\t\t\t\t\t\t\t\t\t\t<li><a href=\"http:\/\/staging.konradin.datenkasten.de\/de\/stellenangebot\/it-engineer-systembetreuer-m-w-d\/\"\r\n\t\t\t\t\t\t\t\t\ttarget=\"_self\">IT Engineer \/ Systembetreuer (m\/w\/d) <span class=\"icon-external-link\"><\/span><\/a><\/li>\r\n\t\t\t\t\t\t\t\t\t\t\t\t\t\t\t\t<li><a href=\"http:\/\/staging.konradin.datenkasten.de\/de\/stellenangebot\/online-projektmanager-m-w-d\/\"\r\n\t\t\t\t\t\t\t\t\ttarget=\"_self\">Online-Projektmanager (m\/w\/d) <span class=\"icon-external-link\"><\/span><\/a><\/li>\r\n\t\t\t\t\t\t\t\t\t\t\t\t\t\t\t\t<li><a href=\"http:\/\/staging.konradin.datenkasten.de\/de\/stellenangebot\/volontaer-m-w-d\/\"\r\n\t\t\t\t\t\t\t\t\ttarget=\"_self\">Volont\u00e4r (m\/w\/d) <span class=\"icon-external-link\"><\/span><\/a><\/li>\r\n\t\t\t\t\t\t\t\t\t\t\t\t\t\t\t\t<li><a href=\"http:\/\/staging.konradin.datenkasten.de\/de\/stellenangebot\/redakteur-m-w-d-2\/\"\r\n\t\t\t\t\t\t\t\t\ttarget=\"_self\">Redakteur (m\/w\/d) f\u00fcr das Magazin Industrieanzeiger <span class=\"icon-external-link\"><\/span><\/a><\/li>\r\n\t\t\t\t\t\t\t\t\t\t\t\t\t\t\t\t<li><a href=\"http:\/\/staging.konradin.datenkasten.de\/de\/stellenangebot\/ausbildung-fachinformatiker-fachrichtung-systemintegration-m-w-d\/\"\r\n\t\t\t\t\t\t\t\t\ttarget=\"_self\">Ausbildung Fachinformatiker &#8211; Fachrichtung Systemintegration (m\/w\/d) <span class=\"icon-external-link\"><\/span><\/a><\/li>\r\n\t\t\t\t\t\t\t\t\t\t\t\t\t\t\t\t<li><a href=\"http:\/\/staging.konradin.datenkasten.de\/de\/stellenangebot\/auszubildender-zum-medienkaufmann-digital-und-print-m-w-d\/\"\r\n\t\t\t\t\t\t\t\t\ttarget=\"_self\">Ausbildung zum Medienkaufmann Digital und Print (m\/w\/d) <span class=\"icon-external-link\"><\/span><\/a><\/li>\r\n\t\t\t\t\t\t\t\t\t\t\t\t\t\t\t\t<li><a href=\"http:\/\/staging.konradin.datenkasten.de\/de\/stellenangebot\/5083\/\"\r\n\t\t\t\t\t\t\t\t\ttarget=\"_self\">Fachinformatiker (m\/w\/d) <span class=\"icon-external-link\"><\/span><\/a><\/li>\r\n\t\t\t\t\t\t\t\t\t\t\t\t\t\t\t\t<li><a href=\"http:\/\/staging.konradin.datenkasten.de\/de\/stellenangebot\/redaktions-praktikum\/\"\r\n\t\t\t\t\t\t\t\t\ttarget=\"_self\">Redaktions-Praktikum <span class=\"icon-external-link\"><\/span><\/a><\/li>\r\n\t\t\t\t\t\t\t\t\t\t\t\t\t\t\t\t<li><a href=\"http:\/\/staging.konradin.datenkasten.de\/de\/stellenangebot\/marketingreferent-m-w-d\/\"\r\n\t\t\t\t\t\t\t\t\ttarget=\"_self\">Marketingreferent (m\/w\/d) <span class=\"icon-external-link\"><\/span><\/a><\/li>\r\n\t\t\t\t\t\t\t\t\t\t\t\t\t\t\t\t<li><a href=\"http:\/\/staging.konradin.datenkasten.de\/de\/stellenangebot\/mitarbeiter-verkauf-telesales-m-w-d\/\"\r\n\t\t\t\t\t\t\t\t\ttarget=\"_self\">Mitarbeiter Verkauf \/ Telesales (m\/w\/d) <span class=\"icon-external-link\"><\/span><\/a><\/li>\r\n\t\t\t\t\t\t\t\t\t\t\t\t\t\t\t\t<\/ul>\r\n\t\t\t\t\t\t\t\t[\/vc_column_text][\/vc_column][\/vc_row][vc_row][vc_column][vc_empty_space][\/vc_column][\/vc_row][vc_row][vc_column css=&#8220;.vc_custom_1558961294733{background-color: #f3f8fb !important;}&#8220;][vc_column_text el_class=&#8220;kontakt&#8220;]\n<h4>Es ist eine interessante Stelle f\u00fcr Sie dabei?<\/h4>\n<p>Wir freuen uns \u00fcber Ihre Bewerbung unter <a href=\"mailto:bewerbung@konradin.de\"><strong>bewerbung@konradin.de<\/strong><\/a><\/p>\n<h4>Sie interessieren sich f\u00fcr einen bestimmten Bereich, finden aber kein passendes Stellenangebot?<\/h4>\n<p>Wir freuen uns \u00fcber Ihre Initiativbewerbung unter <a href=\"mailto:bewerbung@konradin.de\"><strong>bewerbung@konradin.de<\/strong><\/a><\/p>\n<p>F\u00fcr alle Fragen rund ums Bewerben bei Konradin steht Ihnen unser Team jederzeit sehr gerne zur Verf\u00fcgung.<\/p>\n<p>Unter <strong>Telefon +49 711 7594-408<\/strong> erreichen Sie Frau Reil aus der Personalabteilung.[\/vc_column_text][\/vc_column][\/vc_row][vc_row][vc_column][vc_empty_space][\/vc_column][\/vc_row][vc_row][vc_column width=&#8220;1\/2&#8243;][vc_column_text]\n<h4>Das ist unser Team<\/h4>\n<p><strong>Veit Johanning<\/strong>, Personalleiter<\/p>\n<p><strong>Barbara Breuning<\/strong>, Personalreferentin<\/p>\n<p><strong>Lissy Dornbusch<\/strong>, Personalreferentin<\/p>\n<p><strong>Susan Kunze<\/strong>, Personalreferentin<\/p>\n<p><strong>Katharina Reil<\/strong>, Personalabteilung<\/p>\n[\/vc_column_text][\/vc_column][vc_column width=&#8220;1\/2&#8243;][vc_column_text]\n<h4>Kontakt<\/h4>\n<p>Konradin Mediengruppe<br \/>\nPersonalabteilung<br \/>\nErnst-Mey-Str. 8<br \/>\n70771 Leinfelden-Echterdingen[\/vc_column_text][\/vc_column][\/vc_row][vc_row][vc_column][vc_empty_space][\/vc_column][\/vc_row][vc_row][vc_column css=&#8220;.vc_custom_1558961294733{background-color: #f3f8fb !important;}&#8220;][vc_column_text el_class=&#8220;kontakt&#8220;]\n<p data-renderer-start-pos=\"215\">Der Schutz Ihrer pers\u00f6nlichen Daten ist uns ein \u00fcberaus wichtiges Anliegen und unterliegt den aktuellen Sicherheitsstandards. Unsere Datenschutzerkl\u00e4rung, die Sie \u00fcber die nachfolgenden Links abrufen k\u00f6nnen, liefert Ihnen hierzu die Details.<\/p>\n<p data-renderer-start-pos=\"459\">F\u00fcr die Konradin-Druck GmbH: <a class=\"css-1rn59kg\" title=\"https:\/\/eur03.safelinks.protection.outlook.com\/?url=https:\/\/konradin-druck.de\/datenschutz-bewerbung\" href=\"https:\/\/konradin-druck.de\/datenschutz-bewerbung\" target=\"_blank\" rel=\"noopener\" data-renderer-mark=\"true\">https:\/\/konradin-druck.de\/datenschutz-bewerbung<\/a><\/p>\n<p data-renderer-start-pos=\"542\">F\u00fcr alle anderen Unternehmen der Konradin Mediengruppe: <a href=\"https:\/\/www.konradin.de\/de\/wp-content\/uploads\/KMG_Datenschutz-Info-Bewerber_innen.pdf\" target=\"_blank\" rel=\"noopener\">KMG Datenschutz-Info Bewerber\/-innen<\/a><\/p>\n[\/vc_column_text][\/vc_column][\/vc_row]\n<\/section>\n\n<div class=\"su-row\"><div class=\"su-column su-column-size-3-5\"><div class=\"su-column-inner su-u-clearfix su-u-trim\"><a href=\"http:\/\/staging.konradin.datenkasten.de\/de\/wp-content\/uploads\/Mitarbeiter-Verkauf-Telesales_2023123.pdf\" class=\"pdfemb-viewer\" style=\"width: 600px; \" data-width=\"600\" data-height=\"max\" data-mobile-width=\"500\"  data-scrollbar=\"none\" data-download=\"on\" data-tracking=\"on\" data-newwindow=\"on\" data-pagetextbox=\"off\" data-scrolltotop=\"off\" data-startzoom=\"100\" data-startfpzoom=\"100\" data-toolbar=\"bottom\" data-toolbar-fixed=\"on\">Mitarbeiter-Verkauf-Telesales_2023123<br\/><\/a><br\/><br\/><\/div><\/div><div class=\"su-column su-column-size-2-5\"><div class=\"su-column-inner su-u-clearfix su-u-trim\"><a href='http:\/\/staging.konradin.datenkasten.de\/de\/wp-content\/uploads\/Mitarbeiter-Verkauf-Telesales_2023123.pdf' target='_blank'>&raquo; PDF zur Stellenanzeige &laquo;<\/a><br\/><br\/>Barbara Breuning freut sich auf Ihre Bewerbung bitte ausschlie\u00dflich per E-Mail an <a href='mailto:bewerbung@konradin.de'>bewerbung@konradin.de<\/a>.<\/div><\/div><\/div>    <script>\r\n        jQuery(document).ready(function(){\r\n            var width = jQuery('#objFile').width();\r\n            var height =3*width\/2;\r\n            jQuery('#objFile').css(\"height\",  height + \"px\");\r\n            console.log(width +\" \/ \" + height);\r\n        });\r\n    <\/script>\r\n    ","protected":false},"excerpt":{"rendered":"<p>[vc_row][vc_column][vc_text_separator title=&#8220;Wir suchen Sie&#8220; i_icon_fontawesome=&#8220;fa fa-chevron-circle-right&#8220; i_color=&#8220;custom&#8220; title_align=&#8220;separator_align_left&#8220; style=&#8220;dotted&#8220; add_icon=&#8220;true&#8220; i_custom_color=&#8220;#3361ae&#8220;][\/vc_column][\/vc_row][vc_row][vc_column][vc_column_text el_class=&#8220;stellen&#8220;][\/vc_column_text][\/vc_column][\/vc_row][vc_row][vc_column][vc_empty_space][\/vc_column][\/vc_row][vc_row][vc_column css=&#8220;.vc_custom_1558961294733{background-color: #f3f8fb !important;}&#8220;][vc_column_text el_class=&#8220;kontakt&#8220;] Es ist eine interessante Stelle f\u00fcr Sie dabei? Wir freuen uns \u00fcber Ihre Bewerbung unter bewerbung@konradin.de Sie interessieren sich f\u00fcr einen bestimmten Bereich, finden aber kein passendes Stellenangebot? Wir freuen uns \u00fcber Ihre Initiativbewerbung unter bewerbung@konradin.de F\u00fcr alle Fragen [&hellip;]<\/p>\n","protected":false},"author":7,"featured_media":0,"parent":2708,"menu_order":0,"comment_status":"closed","ping_status":"closed","template":"","meta":[],"_links":{"self":[{"href":"http:\/\/staging.konradin.datenkasten.de\/de\/wp-json\/wp\/v2\/pages\/3675"}],"collection":[{"href":"http:\/\/staging.konradin.datenkasten.de\/de\/wp-json\/wp\/v2\/pages"}],"about":[{"href":"http:\/\/staging.konradin.datenkasten.de\/de\/wp-json\/wp\/v2\/types\/page"}],"author":[{"embeddable":true,"href":"http:\/\/staging.konradin.datenkasten.de\/de\/wp-json\/wp\/v2\/users\/7"}],"replies":[{"embeddable":true,"href":"http:\/\/staging.konradin.datenkasten.de\/de\/wp-json\/wp\/v2\/comments?post=3675"}],"version-history":[{"count":32,"href":"http:\/\/staging.konradin.datenkasten.de\/de\/wp-json\/wp\/v2\/pages\/3675\/revisions"}],"predecessor-version":[{"id":5137,"href":"http:\/\/staging.konradin.datenkasten.de\/de\/wp-json\/wp\/v2\/pages\/3675\/revisions\/5137"}],"up":[{"embeddable":true,"href":"http:\/\/staging.konradin.datenkasten.de\/de\/wp-json\/wp\/v2\/pages\/2708"}],"wp:attachment":[{"href":"http:\/\/staging.konradin.datenkasten.de\/de\/wp-json\/wp\/v2\/media?parent=3675"}],"curies":[{"name":"wp","href":"https:\/\/api.w.org\/{rel}","templated":true}]}}

<section class="wpb-content-wrapper">[vc_row][vc_column][vc_text_separator title=&#8220;Wir suchen Sie&#8220; i_icon_fontawesome=&#8220;fa fa-chevron-circle-right&#8220; i_color=&#8220;custom&#8220; title_align=&#8220;separator_align_left&#8220; style=&#8220;dotted&#8220; add_icon=&#8220;true&#8220; i_custom_color=&#8220;#3361ae&#8220;][/vc_column][/vc_row][vc_row][vc_column][vc_column_text el_class=&#8220;stellen&#8220;]								<ul>
																<li><a href="http://staging.konradin.datenkasten.de/de/stellenangebot/mitarbeiter-telefonischer-anzeigenverkauf-b2b-m-w-d/"
									target="_self">Mitarbeiter-  telefonischer Anzeigenverkauf B2B (m/w/d) <span class="icon-external-link"></span></a></li>
																<li><a href="http://staging.konradin.datenkasten.de/de/stellenangebot/it-engineer-systembetreuer-m-w-d/"
									target="_self">IT Engineer / Systembetreuer (m/w/d) <span class="icon-external-link"></span></a></li>
																<li><a href="http://staging.konradin.datenkasten.de/de/stellenangebot/online-projektmanager-m-w-d/"
									target="_self">Online-Projektmanager (m/w/d) <span class="icon-external-link"></span></a></li>
																<li><a href="http://staging.konradin.datenkasten.de/de/stellenangebot/volontaer-m-w-d/"
									target="_self">Volontär (m/w/d) <span class="icon-external-link"></span></a></li>
																<li><a href="http://staging.konradin.datenkasten.de/de/stellenangebot/redakteur-m-w-d-2/"
									target="_self">Redakteur (m/w/d) für das Magazin Industrieanzeiger <span class="icon-external-link"></span></a></li>
																<li><a href="http://staging.konradin.datenkasten.de/de/stellenangebot/ausbildung-fachinformatiker-fachrichtung-systemintegration-m-w-d/"
									target="_self">Ausbildung Fachinformatiker &#8211; Fachrichtung Systemintegration (m/w/d) <span class="icon-external-link"></span></a></li>
																<li><a href="http://staging.konradin.datenkasten.de/de/stellenangebot/auszubildender-zum-medienkaufmann-digital-und-print-m-w-d/"
									target="_self">Ausbildung zum Medienkaufmann Digital und Print (m/w/d) <span class="icon-external-link"></span></a></li>
																<li><a href="http://staging.konradin.datenkasten.de/de/stellenangebot/5083/"
									target="_self">Fachinformatiker (m/w/d) <span class="icon-external-link"></span></a></li>
																<li><a href="http://staging.konradin.datenkasten.de/de/stellenangebot/redaktions-praktikum/"
									target="_self">Redaktions-Praktikum <span class="icon-external-link"></span></a></li>
																<li><a href="http://staging.konradin.datenkasten.de/de/stellenangebot/marketingreferent-m-w-d/"
									target="_self">Marketingreferent (m/w/d) <span class="icon-external-link"></span></a></li>
																<li><a href="http://staging.konradin.datenkasten.de/de/stellenangebot/mitarbeiter-verkauf-telesales-m-w-d/"
									target="_self">Mitarbeiter Verkauf / Telesales (m/w/d) <span class="icon-external-link"></span></a></li>
																</ul>
								[/vc_column_text][/vc_column][/vc_row][vc_row][vc_column][vc_empty_space][/vc_column][/vc_row][vc_row][vc_column css=&#8220;.vc_custom_1558961294733{background-color: #f3f8fb !important;}&#8220;][vc_column_text el_class=&#8220;kontakt&#8220;]
<h4>Es ist eine interessante Stelle für Sie dabei?</h4>
<p>Wir freuen uns über Ihre Bewerbung unter <a href="mailto:bewerbung@konradin.de"><strong>bewerbung@konradin.de</strong></a></p>
<h4>Sie interessieren sich für einen bestimmten Bereich, finden aber kein passendes Stellenangebot?</h4>
<p>Wir freuen uns über Ihre Initiativbewerbung unter <a href="mailto:bewerbung@konradin.de"><strong>bewerbung@konradin.de</strong></a></p>
<p>Für alle Fragen rund ums Bewerben bei Konradin steht Ihnen unser Team jederzeit sehr gerne zur Verfügung.</p>
<p>Unter <strong>Telefon +49 711 7594-408</strong> erreichen Sie Frau Reil aus der Personalabteilung.[/vc_column_text][/vc_column][/vc_row][vc_row][vc_column][vc_empty_space][/vc_column][/vc_row][vc_row][vc_column width=&#8220;1/2&#8243;][vc_column_text]
<h4>Das ist unser Team</h4>
<p><strong>Veit Johanning</strong>, Personalleiter</p>
<p><strong>Barbara Breuning</strong>, Personalreferentin</p>
<p><strong>Lissy Dornbusch</strong>, Personalreferentin</p>
<p><strong>Susan Kunze</strong>, Personalreferentin</p>
<p><strong>Katharina Reil</strong>, Personalabteilung</p>
[/vc_column_text][/vc_column][vc_column width=&#8220;1/2&#8243;][vc_column_text]
<h4>Kontakt</h4>
<p>Konradin Mediengruppe<br />
Personalabteilung<br />
Ernst-Mey-Str. 8<br />
70771 Leinfelden-Echterdingen[/vc_column_text][/vc_column][/vc_row][vc_row][vc_column][vc_empty_space][/vc_column][/vc_row][vc_row][vc_column css=&#8220;.vc_custom_1558961294733{background-color: #f3f8fb !important;}&#8220;][vc_column_text el_class=&#8220;kontakt&#8220;]
<p data-renderer-start-pos="215">Der Schutz Ihrer persönlichen Daten ist uns ein überaus wichtiges Anliegen und unterliegt den aktuellen Sicherheitsstandards. Unsere Datenschutzerklärung, die Sie über die nachfolgenden Links abrufen können, liefert Ihnen hierzu die Details.</p>
<p data-renderer-start-pos="459">Für die Konradin-Druck GmbH: <a class="css-1rn59kg" title="https://eur03.safelinks.protection.outlook.com/?url=https://konradin-druck.de/datenschutz-bewerbung" href="https://konradin-druck.de/datenschutz-bewerbung" target="_blank" rel="noopener" data-renderer-mark="true">https://konradin-druck.de/datenschutz-bewerbung</a></p>
<p data-renderer-start-pos="542">Für alle anderen Unternehmen der Konradin Mediengruppe: <a href="https://www.konradin.de/de/wp-content/uploads/KMG_Datenschutz-Info-Bewerber_innen.pdf" target="_blank" rel="noopener">KMG Datenschutz-Info Bewerber/-innen</a></p>
[/vc_column_text][/vc_column][/vc_row]
</section>

<div class="su-row"><div class="su-column su-column-size-3-5"><div class="su-column-inner su-u-clearfix su-u-trim"><a href="http://staging.konradin.datenkasten.de/de/wp-content/uploads/Mitarbeiter-Verkauf-Telesales_2023123.pdf" class="pdfemb-viewer" style="width: 600px; " data-width="600" data-height="max" data-mobile-width="500"  data-scrollbar="none" data-download="on" data-tracking="on" data-newwindow="on" data-pagetextbox="off" data-scrolltotop="off" data-startzoom="100" data-startfpzoom="100" data-toolbar="bottom" data-toolbar-fixed="on">Mitarbeiter-Verkauf-Telesales_2023123<br/></a><br/><br/></div></div><div class="su-column su-column-size-2-5"><div class="su-column-inner su-u-clearfix su-u-trim"><a href='http://staging.konradin.datenkasten.de/de/wp-content/uploads/Mitarbeiter-Verkauf-Telesales_2023123.pdf' target='_blank'>&raquo; PDF zur Stellenanzeige &laquo;</a><br/><br/>Barbara Breuning freut sich auf Ihre Bewerbung bitte ausschließlich per E-Mail an <a href='mailto:bewerbung@konradin.de'>bewerbung@konradin.de</a>.</div></div></div>    <script>
        jQuery(document).ready(function(){
            var width = jQuery('#objFile').width();
            var height =3*width/2;
            jQuery('#objFile').css("height",  height + "px");
            console.log(width +" / " + height);
        });
    </script>

<p>[vc_row][vc_column][vc_text_separator title=&#8220;Wir suchen Sie&#8220; i_icon_fontawesome=&#8220;fa fa-chevron-circle-right&#8220; i_color=&#8220;custom&#8220; title_align=&#8220;separator_align_left&#8220; style=&#8220;dotted&#8220; add_icon=&#8220;true&#8220; i_custom_color=&#8220;#3361ae&#8220;][/vc_column][/vc_row][vc_row][vc_column][vc_column_text el_class=&#8220;stellen&#8220;][/vc_column_text][/vc_column][/vc_row][vc_row][vc_column][vc_empty_space][/vc_column][/vc_row][vc_row][vc_column css=&#8220;.vc_custom_1558961294733{background-color: #f3f8fb !important;}&#8220;][vc_column_text el_class=&#8220;kontakt&#8220;] Es ist eine interessante Stelle für Sie dabei? Wir freuen uns über Ihre Bewerbung unter bewerbung@konradin.de Sie interessieren sich für einen bestimmten Bereich, finden aber kein passendes Stellenangebot? Wir freuen uns über Ihre Initiativbewerbung unter bewerbung@konradin.de Für alle Fragen [&hellip;]</p>
